79
Calculate the remainder when 58474 is divided by 58469.
5
What is the remainder when 126733 is divided by 355?
353
What is the remainder when 5278 is divided by 442?
416
Calculate the remainder when 7143 is divided by 7089.
54
Calculate the remainder when 102580 is divided by 11397.
7
Calculate the remainder when 462304 is divided by 92.
4
What is the remainder when 21361 is divided by 125?
111
Calculate the remainder when 94246 is divided by 33.
31
What is the remainder when 759 is divided by 96?
87
What is the remainder when 15260 is divided by 547?
491
What is the remainder when 2169 is divided by 112?
41
What is the remainder when 2722 is divided by 543?
7
Calculate the remainder when 1569 is divided by 25.
19
What is the remainder when 2105 is divided by 509?
69
Calculate the remainder when 5080 is divided by 1679.
43
What is the remainder when 2117 is divided by 22?
5
Calculate the remainder when 8262 is divided by 1334.
258
Calculate the remainder when 309127 is divided by 31.
26
Calculate the remainder when 16007 is divided by 89.
76
What is the remainder when 599 is divided by 571?
28
What is the remainder when 410 is divided by 324?
86
What is the remainder when 2110 is divided by 141?
136
Calculate the remainder when 2156474 is divided by 1122.
1112
Calculate the remainder when 6058 is divided by 1944.
226
What is the remainder when 24234 is divided by 8071?
21
What is the remainder when 737519 is divided by 31?
29
Calculate the remainder when 5450 is divided by 1359.
14
Calculate the remainder when 330217 is divided by 37.
29
Calculate the remainder when 225886 is divided by 416.
414
Calculate the remainder when 172128 is divided by 117.
21
Calculate the remainder when 350 is divided by 14.
0
Calculate the remainder when 4401 is divided by 148.
109
Calculate the remainder when 132576 is divided by 252.
24
What is the remainder when 18142 is divided by 4042?
1974
Calculate the remainder when 5111 is divided by 744.
647
What is the remainder when 11516 is divided by 131?
119
Calculate the remainder when 175725 is divided by 23.
5
Calculate the remainder when 8123 is divided by 4054.
15
Calculate the remainder when 43883 is divided by 463.
361
What is the remainder when 7382 is divided by 114?
86
What is the remainder when 1688 is divided by 99?
5
Calculate the remainder when 8935 is divided by 60.
55
What is the remainder when 3408 is divided by 377?
15
What is the remainder when 1672 is divided by 89?
70
What is the remainder when 28473 is divided by 4707?
231
What is the remainder when 108134 is divided by 76?
62
Calculate the remainder when 117296 is divided by 102.
98
What is the remainder when 19225 is divided by 296?
281
What is the remainder when 92407 is divided by 622?
351
Calculate the remainder when 15007 is divided by 1494.
67
Calculate the remainder when 1283 is divided by 26.
9
What is the remainder when 199645 is divided by 7?
5
What is the remainder when 4043226 is divided by 1871?
1866
Calculate the remainder when 52432 is divided by 54.
52
Calculate the remainder when 5626 is divided by 5617.
9
Calculate the remainder when 1341 is divided by 401.
138
Calculate the remainder when 6179 is divided by 6171.
8
What is the remainder when 33542 is divided by 588?
26
Calculate the remainder when 1609267 is divided by 436.
427
What is the remainder when 999599 is divided by 280?
279
What is the remainder when 42331 is divided by 6011?
254
What is the remainder when 48374 is divided by 11?
7
Calculate the remainder when 1390 is divided by 758.
632
Calculate the remainder when 9608 is divided by 870.
38
What is the remainder when 433779 is divided by 831?
828
Calculate the remainder when 698 is divided by 3.
2
Calculate the remainder when 13109 is divided by 899.
523
Calculate the remainder when 28622 is divided by 7142.
54
What is the remainder when 29575 is divided by 165?
40
What is the remainder when 7965 is divided by 3976?
13
What is the remainder when 9198687 is divided by 590?
587
What is the remainder when 168237 is divided by 385?
377
What is the remainder when 487711 is divided by 17?
15
Calculate the remainder when 23182 is divided by 131.
126
Calculate the remainder when 1201659 is divided by 77.
74
Calculate the remainder when 1313 is divided by 162.
17
What is the remainder when 43376 is divided by 99?
14
What is the remainder when 127001 is divided by 3175?
1
What is the remainder when 11703 is divided by 156?
3
What is the remainder when 72599 is divided by 101?
81
What is the remainder when 22300 is divided by 230?
220
Calculate the remainder when 21715 is divided by 89.
88
What is the remainder when 138624 is divided by 483?
3
What is the remainder when 20420 is divided by 4?
0
What is the remainder when 6238 is divided by 5?
3
Calculate the remainder when 651808 is divided by 25069.
14
What is the remainder when 7722 is divided by 369?
342
Calculate the remainder when 18531 is divided by 3086.
15
What is the remainder when 5317 is divided by 1075?
1017
What is the remainder when 21020 is divided by 952?
76
Calculate the remainder when 4862 is divided by 875.
487
What is the remainder when 764 is divided by 77?
71
Calculate the remainder when 23038 is divided by 4520.
438
Calculate the remainder when 49135 is divided by 1882.
203
What is the remainder when 1060622 is divided by 4143?
14
Calculate the remainder when 15526 is divided by 1410.
16
What is the remainder when 50886 is divided by 26?
4
Calculate the remainder when 80074 is divided by 678.
70
Calculate the remainder when 11318 is divided by 919.
290
Calculate the remainder when 48425 is divided by 653.
103
What is the remainder when 7098 is divided by 85?
43
What is the remainder when 116548 is divided by 50?
48
What is the remainder when 1774 is divided by 567?
73
What is the remainder when 9964 is divided by 113?
20
Calculate the remainder when 14353 is divided by 58.
27
What is the remainder when 47998 is divided by 23986?
26
Calculate the remainder when 1561097 is divided by 1526.
1525
What is the remainder when 1041022 is divided by 1614?
1606
Calculate the remainder when 5001 is divided by 499.
11
Calculate the remainder when 20580 is divided by 20576.
4
What is the remainder when 6543683 is divided by 28?
27
What is the remainder when 1622 is divided by 471?
209
What is the remainder when 34007 is divided by 1117?
497
Calculate the remainder when 33488 is divided by 11157.
17
What is the remainder when 928 is divided by 326?
276
Calculate the remainder when 137389 is divided by 4293.
13
What is the remainder when 156930 is divided by 52301?
27
Calculate the remainder when 151994 is divided by 76.
70
What is the remainder when 383435 is divided by 11?
8
What is the remainder when 34923 is divided by 647?
632
What is the remainder when 23985 is divided by 110?
5
Calculate the remainder when 21772 is divided by 86.
14
Calculate the remainder when 135872 is divided by 456.
440
What is the remainder when 21518 is divided by 500?
18
What is the remainder when 8830 is divided by 460?
90
Calculate the remainder when 21077 is divided by 6540.
1457
Calculate the remainder when 41762 is divided by 5215.
42
What is the remainder when 33327 is divided by 1011?
975
Calculate the remainder when 58214 is divided by 38.
36
What is the remainder when 890928 is divided by 106?
104
Calculate the remainder when 119565 is divided by 45.
0
What is the remainder when 736232 is divided by 368112?
8
Calculate the remainder when 318226 is divided by 30.
16
What is the remainder when 1412 is divided by 156?
8
What is the remainder when 143279 is divided by 120?
119
What is the remainder when 4527 is divided by 206?
201
Calculate the remainder when 3851 is divided by 1919.
13
Calculate the remainder when 1204645 is divided by 74.
73
What is the remainder when 30679 is divided by 120?
79
What is the remainder when 68495 is divided by 43?
39
What is the remainder when 5425 is divided by 5?
0
What is the remainder when 2599 is divided by 2561?
38
What is the remainder when 20372 is divided by 1456?
1444
Calculate the remainder when 4233 is divided by 841.
28
What is the remainder when 81875 is divided by 46?
41
What is the remainder when 615755 is divided by 26?
23
